 = -19079. Calculate the greatest common factor of d and 1508.
116
Let n(a) = -444*a**3 + 3*a**2 - 60*a - 62. Let f be n(-1). Calculate the greatest common divisor of f and 20.
5
Let d(i) = i**2. Let c(h) = 16*h + 18. Let l(f) = c(f) - 2*d(f). Let x be l(9). Suppose x = -14*a + 9*a + 40. Calculate the highest common factor of a and 12.
4
Suppose 4*t - 148 = -3*z + 280, -4*t - 5*z + 420 = 0. Calculate the highest common factor of t and 580.
10
Let c(a) = -136*a + 702. Let w be c(0). What is the highest common divisor of w and 108?
54
Suppose -15*a = -471 + 1341. Let k = a + 262. Calculate the greatest common divisor of k and 544.
68
Let a be 4/(-10) + (-5420)/(-50). Suppose 27*q - 54 = a. Let s(r) = 11*r**2 + 2*r + 2. Let b be s(-2). Calculate the greatest common factor of q and b.
6
Suppose -203 = -7*c + 3*c - 5*b, -103 = -2*c - b. Let a be 2336/26 + (216/c - 4). Calculate the greatest common divisor of 20 and a.
10
Let v(d) = d**3 + 25*d**2 - 31*d - 46. Let c be v(-26). Let y(w) = 16*w - 52. Let z be y(12). What is the highest common factor of z and c?
28
Let r be 0 + -13 + (-37 - -36). Let t be 1104/42 - (-4)/r. What is the greatest common factor of 13 and t?
13
Let c(q) = -13*q + 121. Let o be c(9). Suppose 4*y = o*u + 756, 0 = -5*y + u - 3*u + 952. What is the greatest common factor of 76 and y?
38
Suppose -5*c = i + 2*i - 35, -5*c - i = -25. Suppose 6*r = c*r + 12. Let z = -143 - -155. What is the highest common factor of z and r?
6
Suppose 80 = 3*b - 19. Let k(w) = 35*w - 1. Let j be k(6). Calculate the highest common factor of j and b.
11
Let n be 824 + 9 + (13 - 6 - 8). Calculate the highest common factor of n and 884.
52
Let y = 261 - 238. Suppose -1554 = -y*q - 19*q. What is the greatest common factor of 592 and q?
37
Let h(g) be the third derivative of -g**6/120 - g**5/15 + g**4/4 - 13*g**3/3 + 2*g**2 + 118. Let d be h(-6). What is the highest common divisor of d and 5?
5
Suppose -30*y - 2880 = -33*y. Suppose y = 2*g + g. Calculate the highest common factor of 20 and g.
20
Suppose 20*q - 25*q - 735 = 0. Let m = -126 - q. What is the highest common factor of 119 and m?
7
Suppose -16*p + p = -735. Suppose 0 = -h + v + 19, -10*h - 5*v = -9*h - p. Calculate the highest common divisor of 18 and h.
6
Let d be (-6)/(-9) + -2 - -6404*4/24. What is the greatest common divisor of 312 and d?
26
Let x(s) = s**2 - 15*s - 23. Let i be x(17). Suppose 2*l = -0*l - 84. Let g = -9 - l. What is the highest common factor of g and i?
11
Let p be 16791/386*116/6. Let b = -6 - -35. What is the greatest common divisor of p and b?
29
Suppose 0 = 5*m, 3*b + 2*m = -2*m + 6. Suppose 4*y = 6*y - 2*i - 20, 4*i - 32 = -b*y. What is the highest common divisor of 24 and y?
12
Let n be 48/(-9)*(-48)/32. Suppose n*j = 66 + 1446. Calculate the highest common factor of j and 7.
7
Let g(t) = 28*t + 119. Let k be g(4). Let y = -214 + k. Calculate the greatest common factor of 629 and y.
17
Let w(m) = -3*m + 559. Let l be w(23). Let d(b) = -b**2 - 11*b - 8. Let x be d(-7). Calculate the greatest common factor of x and l.
10
Let o be (-1 - -7) + (-1)/1. Suppose 2*z - 5*h = 126, -2*z - o*h + 126 = -3*h. Let k be ((-3)/(-9))/(1/z). Calculate the highest common divisor of 14 and k.
7
Let v be (10/15)/2*6. Let c be (4 - 0)*5*v. Suppose 209 - 17 = 24*a. Calculate the highest common divisor of c and a.
8
Let j(f) = 2*f**3 + 31*f**2 + 76*f - 8. Let m be j(-12). What is the greatest common divisor of 8360 and m?
88
Suppose -6*x + x - 2*r + 43 = 0, r = -5*x + 44. Let i = -133 - 559. Let k = i - -698. What is the highest common factor of k and x?
3
Let x(c) = -c**3 - 22*c**2 - 56*c + 23. Let i be x(-19). Suppose -29*r + 2925 = -i*r. Calculate the highest common divisor of 18 and r.
9
Suppose -74 = -4*z + 2*p, -46*z + 95 = -42*z + p. Calculate the greatest common divisor of z and 5962.
22
Let n(y) = y**3 - 9*y**2 - 8*y - 12. Let t be n(10). Suppose 0 = -15*g + 13*g + t. Suppose -3*b = -g*b + 10. Calculate the highest common divisor of b and 5.
5
Let v be 318/5 - 10/(-25). Let l be v/12 + 2/(-6). Suppose -40 = -10*z + l*z. Calculate the highest common divisor of z and 1.
1
Suppose 3*h + 48 = -0*h. Let u be (h/12)/((-2)/15). Suppose 150*a - 4716 - 940 = 7844. What is the greatest common factor of u and a?
10
Let a be (-26)/(-20) + -1 + ((-53350)/(-500) - -32). What is the highest common divisor of 22935 and a?
139
Let i be 24 + 2 - (-1 - 3). Let o(h) = -25*h**2 + h + 23*h**2 - 3*h**3 + h**3. Let v be o(-2). Calculate the greatest common factor of v and i.
6
Let g be 412 - ((-2366)/728 - 3/4). Suppose -22 = -3*m + 170. Calculate the highest common divisor of m and g.
32
Suppose o + 102*g - 97*g - 143 = 0, o - g - 125 = 0. Calculate the highest common divisor of 40 and o.
8
Let v(b) = -b**3 - 9*b**2 + 12*b + 25. Let j be v(-10). Suppose g - 12 = -j*g. Let o be 9/(9/2 - 3). What is the highest common divisor of g and o?
2
Suppose 379*v = 486*v + 62910 - 192594. What is the highest common divisor of v and 2525?
101
Let r(x) = 6*x**2 - 14*x - 6. Let y be r(8). Suppose 2*b = -5*b + y. Calculate the greatest common divisor of b and 95.
19
Let p be 2295/(-85)*(0 - -1). Suppose t - 19 = 20. Let n = p + t. Calculate the highest common factor of 30 and n.
6
Suppose 0 = -3*w - w - 12. Let z be (21/(-12))/(w/12). Let r(i) = -i + 23. Let u be r(z). Calculate the greatest common divisor of 8 and u.
8
Let s(b) = b**3 - 3*b**2 - 11*b + 5. Let u be s(5). Suppose -6*z + 2*z + 60 = u. Let y = 256 - 91. Calculate the highest common factor of y and z.
15
Let v(y) = y**2 + 7*y - 28. Let j be v(-10). Let u = -12 - -38. Calculate the greatest common factor of j and u.
2
Let h = -1214 + -6718. Let l be h/(-66) + 12/(-66). Calculate the highest common factor of l and 96.
24
Let v(i) = -4*i**2 + 173*i - 188. Let f be v(42). Calculate the greatest common divisor of 242 and f.
22
Let c(w) = 37*w + 332. Let i = -1025 - -1017. Let n be c(i). Let b(g) = 10*g**2 + 5*g. Let o be b(4). What is the greatest common factor of o and n?
36
Suppose 768 = 447*u + 251*u - 3420. Suppose -p + 3*z + 27 = -147, -2*p + 348 = 4*z. Calculate the highest common factor of p and u.
6
Suppose 4*r = 3649 + 3287. Suppose u = 4*t - 399, -45*u - 315 = -3*t - 46*u. What is the highest common factor of t and r?
102
Let s be 42 - (6/(-2) + -1). Suppose 29*o - 32*o + 207 = 0. What is the highest common factor of s and o?
23
Let j = 73 - 53. Let h be (-6)/(1 + (-32)/j). Let u be (12 - 11)/(((-3)/h)/(-3)). What is the highest common divisor of 70 and u?
10
Suppose 83*c - 85*c = -20. Suppose -c*l + 375 = -5345. Calculate the highest common divisor of 52 and l.
52
Let a be (234/195)/((-1)/(-105)). Calculate the greatest common divisor of a and 108.
18
Suppose -6*j + 10*j - 13*j = -252. What is the greatest common divisor of j and 252?
28
Let h be 42 + -9*6/6*(-6)/(-9). Calculate the greatest common factor of 207 and h.
9
Let y(a) = 25*a + 16. Suppose -49 + 25 = 6*t. Let z be y(t). Let d = -54 - z. What is the greatest common divisor of 20 and d?
10
Suppose -11*h - 20512 = -15*h - 2*g, 5*h = -2*g + 25637. Calculate the highest common divisor of h and 1845.
205
Suppose -810*w + 813*w = 24. What is the greatest common factor of 1476 and w?
4
Suppose -48*c + 50*c = 507 + 1901. What is the greatest common divisor of 2236 and c?
172
Let z = -32 - -33. Let g be 7 + -11 - (z - -2). Let w be (-1)/((-36)/(-8) + -4)*g. Calculate the highest common factor of w and 98.
14
Let x = -135 + 225. Suppose -2*s - 3*l + 68 = 0, l - 26 = -3*s + x. What is the greatest common factor of 200 and s?
40
Let l(q) = 29*q + 332. Let p be l(-10). What is the highest common factor of 246 and p?
6
Let f(l) = 281*l + 14. Let k(d) = -566*d - 27. Let x(z) = -5*f(z) - 3*k(z). Let b be x(1). What is the greatest common factor of b and 32?
16
Let g(q) = -q**3 + 8*q**2 + 6*q + 47. Suppose 0 = k - 10 + 1. Let s be g(k). Calculate the highest common factor of 160 and s.
20
Suppose -3*z + 308 = -4*u, -2*u - u + 273 = 3*z. Let y(r) = -11*r**2 - 8*r + 4. Let f be y(3). Let i = 125 + f. What is the highest common factor of i and z?
6
Let i(b) = 26*b**2 - 8. Let s be i(8). Let j(g) = -9*g + 171. Let w be j(11). Calculate the greatest common factor of w and s.
72
Suppose 11*x - 9880 = -27*x. C